
11863
What is the highest common divisor of 19425 and 174832?
7
What is the greatest common divisor of 65 and 41185135?
5
Calculate the greatest common divisor of 3018299 and 139621.
731
What is the greatest common factor of 24 and 585300?
12
Calculate the greatest common divisor of 29075310 and 10062.
774
What is the greatest common factor of 1846510 and 530?
10
Calculate the greatest common factor of 210582008 and 6448.
3224
Calculate the highest common factor of 1216 and 40143808.
1216
What is the greatest common factor of 15629488 and 53424?
5936
Calculate the greatest common factor of 115731 and 1172754.
99
Calculate the highest common factor of 209670 and 289710.
870
What is the greatest common divisor of 305 and 5809579?
61
Calculate the greatest common factor of 1241748 and 3366.
306
What is the greatest common factor of 177600 and 117500?
100
What is the highest common divisor of 1780 and 992879550?
890
What is the greatest common factor of 27688540 and 3810?
1270
Calculate the greatest common factor of 74 and 82377022.
74
Calculate the greatest common divisor of 41599155 and 780.
195
What is the greatest common factor of 30636892 and 836?
836
Calculate the highest common factor of 307558 and 16243840.
2986
Calculate the greatest common factor of 1087702 and 111958.
154
What is the highest common divisor of 9651719 and 3677443?
12551
What is the greatest common divisor of 26 and 1799802108?
26
What is the highest common factor of 13467599 and 57?
19
Calculate the greatest common factor of 9875918 and 5642.
806
What is the greatest common divisor of 16246398 and 105?
21
Calculate the greatest common factor of 91469082 and 20922.
1902
Calculate the highest common factor of 9960075 and 1125.
225
Calculate the highest common factor of 3197 and 42734.
23
What is the greatest common factor of 23374722 and 36330?
7266
Calculate the greatest common factor of 25 and 33225275.
25
Calculate the greatest common divisor of 61636775 and 218.
109
What is the greatest common factor of 84272 and 356324?
916
What is the greatest common divisor of 108 and 65992806?
54
What is the highest common divisor of 5846 and 26632322?
158
Calculate the greatest common factor of 291870 and 698625.
3105
What is the highest common factor of 806397 and 1510098?
1167
What is the greatest common factor of 53 and 66837717?
53
What is the highest common divisor of 9094 and 6998?
2
Calculate the greatest common divisor of 30 and 556691985.
15
What is the greatest common divisor of 293062 and 147378?
1694
Calculate the highest common factor of 2226 and 1098321.
21
Calculate the greatest common factor of 384 and 5934504.
24
Calculate the greatest common divisor of 912640 and 6202640.
1840
Calculate the greatest common divisor of 1145630 and 199410.
3910
What is the greatest common factor of 53156389 and 9776?
611
What is the highest common factor of 24550 and 4850?
50
What is the greatest common divisor of 68182310 and 28?
14
What is the highest common divisor of 10830996 and 35478?
486
What is the highest common divisor of 1419 and 5731?
11
Calculate the greatest common factor of 1958 and 139628718.
178
Calculate the highest common divisor of 2520 and 44801568.
504
What is the greatest common divisor of 1824643 and 1897?
271
Calculate the highest common factor of 2252 and 118290241.
563
What is the greatest common divisor of 97668 and 45324?
36
What is the highest common factor of 21121375 and 125?
125
What is the highest common divisor of 4412324 and 8288?
1036
Calculate the greatest common factor of 11745 and 190004085.
1305
What is the highest common divisor of 16554 and 2748336?
186
What is the greatest common factor of 274875050 and 815?
815
What is the highest common divisor of 1358682 and 33?
3
What is the greatest common divisor of 7080 and 229640?
40
What is the highest common divisor of 1593769 and 569?
569
Calculate the highest common factor of 138 and 733861.
23
What is the highest common factor of 1827804 and 9516?
732
What is the highest common divisor of 69285 and 10276530?
2235
Calculate the highest common divisor of 50252976 and 65136.
1104
Calculate the highest common divisor of 343 and 10557785.
49
Calculate the greatest common factor of 37403 and 331.
331
Calculate the highest common divisor of 2480 and 7894584.
248
What is the greatest common factor of 6199257 and 48?
3
What is the greatest common factor of 954630 and 3258?
18
What is the greatest common factor of 2700 and 18112900?
100
Calculate the greatest common divisor of 1060950 and 8846394.
3858
Calculate the greatest common divisor of 2305 and 743055.
5
Calculate the greatest common divisor of 881 and 761644763.
881
What is the greatest common divisor of 927 and 23310239?
103
What is the highest common divisor of 403206096 and 32?
16
What is the greatest common factor of 1037 and 26568977?
1037
What is the greatest common factor of 532 and 11228658?
266
What is the highest common factor of 654 and 92010606?
654
Calculate the highest common factor of 121945 and 117305.
145
Calculate the greatest common factor of 48639 and 6023391.
1569
What is the highest common divisor of 4453155 and 18760?
2345
What is the highest common factor of 1089267 and 873723?
3849
Calculate the highest common factor of 45872741 and 23.
23
Calculate the greatest common divisor of 58931 and 72416.
31
What is the highest common factor of 53795 and 16866455?
265
Calculate the greatest common factor of 3378732 and 2394.
798
Calculate the greatest common factor of 8892787 and 215.
43
Calculate the highest common divisor of 17777794 and 45432.
1262
Calculate the greatest common divisor of 116468 and 1188.
44
What is the greatest common factor of 4922146 and 1326?
34
Calculate the highest common divisor of 1538275 and 925.
925
Calculate the highest common divisor of 1782 and 330594.
66
Calculate the greatest common factor of 18442270 and 28.
14
Calculate the greatest common factor of 90 and 44998110.
90
Calculate the highest common divisor of 4279334 and 791881.
2269
Calculate the highest common divisor of 32 and 1517595.
1
What is the greatest common divisor of 945 and 131193405?
945
Calculate the highest common divisor of 1505868 and 7483.
7
Calculate the highest common divisor of 24124192 and 584.
8
What is the greatest common factor of 1414 and 15961838?
202
Calculate the highest common factor of 1074 and 102051122.
358
Calculate the greatest common factor of 1380 and 460940.
20
Calculate the greatest common factor of 2440 and 9673441.
61
Calculate the highest common factor of 110564428 and 8483.
499
What is the greatest common divisor of 58956 and 32079?
867
What is the greatest common factor of 602604 and 3915?
9
What is the greatest common divisor of 1088 and 44600656?
272
What is the highest common divisor of 20150 and 3120650?
650
What is the greatest common factor of 53445 and 2616769?
509
Calculate the highest common divisor of 634338 and 90018.
54
What is the greatest common divisor of 14259 and 295047?
3
What is the greatest common factor of 611 and 186589?
13
What is the greatest common factor of 4352806 and 656?
82
Calculate the highest common divisor of 429273 and 179283.
39
Calculate the highest common factor of 3 and 2934003.
3
What is the greatest common factor of 109 and 162478997?
109
Calculate the highest common divisor of 18677 and 3759796.
19
Calculate the greatest common divisor of 6560 and 307032928.
1312
Calculate the highest common divisor of 1532244 and 104748.
2436
Calculate the greatest common factor of 5002 and 19990493.
2501
What is the highest common divisor of 15762 and 671328?
222
Calculate the greatest common divisor of 3038610 and 3755.
5
Calculate the greatest common factor of 2388262 and 9.
1
Calculate the greatest common divisor of 1095765 and 2588685.
4785
Calculate the highest common factor of 13317 and 82607667.
579
What is the highest common factor of 33532814 and 2212?
1106
What is the greatest common divisor of 633816 and 15192?
72
Calculate the greatest common factor of 12160 and 4552096.
608
Calculate the greatest common factor of 1168 and 5977936.
16
What is the highest common factor of 302074 and 325142?
146
Calculate the highest common divisor of 5916552 and 44.
4
What i